) is divided by w.
12
Let y(x) = -3*x - 44. Suppose -3*m + 0*m = -387. Suppose 4*v - v - m = 0. What is the remainder when v is divided by y(-22)?
21
Let q(d) = -1 + d**2 + 0*d**2 - 4*d**2. Let o be q(1). Calculate the remainder when (-1115)/(-45) - o/18 is divided by 7.
4
Suppose 0 = -2*i - 2*g + 56, -g - 95 = -3*i + 9. Calculate the remainder when 136 is divided by i.
4
What is the remainder when (-6)/39 + 6886/143 is divided by 10?
8
Let a(g) = 39*g**2 - 10*g - 9. Calculate the remainder when a(-1) is divided by 18.
4
Suppose 0 = 2*s - 3 - 7. Let a(q) = q**3 + 6*q**2 - 10*q + 5. Let g be a(-8). Let j = 50 + g. Calculate the remainder when j is divided by s.
2
Let i(p) = 17*p - 14. Let s be i(5). Calculate the remainder when s*-2*1/8*-4 is divided by 12.
11
Let r(n) = n - 2. Let c be r(5). Let x be (6 - c - 230)*1. What is the remainder when 33/55 - x/5 is divided by 16?
14
Let i(x) = -x**3 - 2*x**2 - 2*x + 4. Calculate the remainder when i(-3) is divided by 1*(4 - 39)/(-5).
5
Let c(i) = i**3 - i**2 - 1. Let d(u) = -u**3 - 3*u**2 + 2*u + 1. Let q(o) = -c(o) + d(o). What is the remainder when q(-2) is divided by 2?
0
Let j = 73 + -65. Suppose j*u - 2*u - 138 = 0. What is the remainder when 181 is divided by u?
20
Let o be (5 - 5) + 5 + 2. Suppose o + 11 = 2*l. Calculate the remainder when ((62 - 6/3) + 0)*1 is divided by l.
6
Suppose -3*l - l + 52 = 0. Suppose -7*d = -2*d - 105. Let q = d + 15. What is the remainder when q is divided by l?
10
Let m = -68 + 38. Suppose -4*b + 41 = -231. Let o = b + m. Calculate the remainder when o is divided by 13.
12
Suppose -1 = 2*y - 9. Suppose -y*u + 47 = -17. Let i(h) = h**2 - h + 30. What is the remainder when i(0) is divided by u?
14
Let x(o) = o**2 + 7*o - 7. Let a be x(-6). Let c = a - -11. Let r = 9 - c. Calculate the remainder when 31 is divided by r.
9
Let y = -704 + 923. Calculate the remainder when y is divided by 25.
19
Let j(i) = -8*i**2 + 78*i - 8. Calculate the remainder when j(7) is divided by 31.
22
Suppose -2*t + 299 = 3*g, 9*g + 1 = 8*g. Calculate the remainder when t is divided by 12.
7
Suppose -v - v - 384 = -3*m, 0 = -4*m + 3*v + 513. Let d = m + -62. What is the remainder when d is divided by 22?
20
Let b be (21/6 - 1)*2. Calculate the remainder when 14 is divided by 13/2 + (45/(-6))/b.
4
Suppose -6*m = l - 3*m - 38, 4*m - 8 = 0. What is the remainder when -1 - (-100 - (-35)/7) is divided by l?
30
Suppose -5 = 3*o - 11. Suppose -4*g = o*x - 44, -3*g - 2 = 1. What is the remainder when (65 - (-7 - -3))*(-2)/(-3) is divided by x?
22
Let v = 290 + -267. What is the remainder when 45 is divided by v?
22
Let c be (12 + -4)*1/2. Suppose 111 = c*f + 3*m, 3*m - 51 = -3*f + f. What is the remainder when f is divided by 16?
14
What is the remainder when (-6)/33 + (-156)/(-11) is divided by ((-5)/(-3))/((-6)/9)*-2?
4
Let y = 18 - 2. Let p = 3 - 6. Let k = p + y. What is the remainder when k is divided by 4?
1
Suppose 5*t = -5*b + 9*t + 421, 3*t + 93 = b. What is the remainder when b is divided by 25?
6
Let v be (2 + -2)*(-1 + 0). Suppose v = 9*x - 4*x - 20. Calculate the remainder when 11 is divided by x.
3
Suppose -3*x + 152 = -2*s + s, -3*s = 15. Let o(f) = f**3 + 8*f**2 + 7*f + 5. Let k be o(-7). Suppose k = -l + 15. What is the remainder when x is divided by l?
9
Suppose 49 + 98 = 3*d. Let l = d + -22. Calculate the remainder when l is divided by 14.
13
Let s(b) = -5*b - 4. Let x(v) = -4*v - 4. Let h(j) = 4*s(j) - 3*x(j). Let f be h(-3). Calculate the remainder when 101/3 + f/(-30) is divided by 12.
9
Let v = 4 - 2. Suppose 2*s - q = 4*q + 77, -v*q = -6. Let o(x) = -2*x**2 - 19*x - 19. Calculate the remainder when s is divided by o(-7).
14
Let s = 632 - 613. Calculate the remainder when 37 is divided by s.
18
Let a(l) = 7*l + 2. Let w(y) = 14*y + 3. Let x(b) = 5*a(b) - 3*w(b). Calculate the remainder when x(-3) is divided by 8.
6
Suppose 2*i + 3 = -3*x + 212, 346 = 5*x + i. Calculate the remainder when 131 is divided by x.
62
Let y = -20 + 20. Suppose 3*o = -y*o + 4*r, 5*o - 17 = r. Suppose 2*m - 46 = o*d, -3*d - 26 = -m + 2*d. What is the remainder when 60 is divided by m?
18
Let k(c) = -7*c - 65. What is the remainder when k(-13) is divided by 4?
2
Suppose -2*g = -0*g - 108. Let z = -11 + g. Let m = z + -21. Calculate the remainder when 63 is divided by m.
19
Let p(r) be the third derivative of 13/6*r**3 - 1/30*r**5 + 0 + 0*r - 19/24*r**4 - r**2. What is the remainder when 3 is divided by p(-10)?
0
Let s = 64 - 42. Calculate the remainder when (-4)/(((-4)/(-6))/((-2184)/72 + 9)) is divided by s.
18
Let x(z) = 2*z**2 - 9*z + 31. Calculate the remainder when x(3) is divided by 17.
5
Suppose 6*o - 9*o + 2*s = -111, 75 = 2*o - s. What is the remainder when 623 is divided by o?
38
Let h = 313 + -300. What is the remainder when h is divided by 6?
1
Let k(b) = 19*b + 790. Suppose 0 = w - 3*w + 5*u + 301, 0 = -w + 5*u + 158. Calculate the remainder when w is divided by k(-39).
45
Let c be (-12)/18 - (-22)/6. Let x(y) = -y**2 + 0 - c + 1 - 1 + 6*y. Calculate the remainder when 13 is divided by x(4).
3
Suppose 0 = 8*c - 4*c - 12, 0 = -h - 4*c. What is the remainder when 6/4*(-328)/h is divided by 9?
5
Let y(x) = -3*x + 36. Suppose 6 = 2*m + 2*a + 8, 9 = m + 3*a. What is the remainder when y(m) is divided by 15?
9
Suppose 0 = -22*s + 9*s + 3341. What is the remainder when s is divided by 20?
17
Let f be (6/18)/((-2)/(-66)). Let i be (48/60)/(4/10). Let b = i + f. Calculate the remainder when b is divided by 3.
1
Suppose 12*j - 15*j + 3 = 0. Let h be ((-6)/(-4))/(j/(-12)). Let n = h - -29. Calculate the remainder when n is divided by 3.
2
Let a be 665/14*(-8)/(-5). Let u = -6 + a. Calculate the remainder when u is divided by 18.
16
Suppose d = 6 - 10. What is the remainder when (6/2)/(((-4)/13)/d) is divided by 10?
9
Let v(b) = b**2 - 10*b + 38. What is the remainder when v(13) is divided by 13?
12
Let g(q) = -q - 11. Let f be g(7). Let b = 20 + f. What is the remainder when b is divided by 2?
0
Calculate the remainder when ((-24)/(-4))/(4 - (-2305)/(-580)) is divided by 18.
16
Let d(o) = 79*o + 707. Calculate the remainder when d(-7) is divided by 27.
19
What is the remainder when 394 is divided by 133/14 + 3/(-6)?
7
Suppose -3*r - 2*r + 30 = -4*p, -3*p = 15. Suppose 5*g - r*g = 96. Calculate the remainder when 127 is divided by g.
31
Let n be 0 + 0/1 + 33. Suppose -4*v + 31 = -n. Suppose 4*p - 5*t - 216 = 42, t = -p + 60. Calculate the remainder when p is divided by v.
14
Let g = -472 - -482. Let u = 4 - -25. What is the remainder when u is divided by g?
9
Suppose 48 - 128 = 4*m. Let p = m + 22. What is the remainder when ((-19)/4)/(p/(-8)) is divided by 12?
7
Let c = 160 - 125. What is the remainder when c is divided by 25?
10
Let s(g) = -g**2 + 4. Let y be s(-2). Suppose y - 3 = -x. Suppose -x*l - 220 = -7*l. Calculate the remainder when l is divided by 14.
13
What is the remainder when (-538)/(-4) + -12 - 2/(-4) is divided by 79?
44
Let u = -37 + 63. What is the remainder when u is divided by 18?
8
Let b(r) = r + 7. Let k = -3 + 3. Suppose -2*p - p - 2*i = -85, -70 = -3*p + i. Calculate the remainder when p is divided by b(k).
4
Let i(y) = -3*y - 7. Let z be 5/((-20)/(-8)) - -1. Suppose 10*w - z*w = -28. Calculate the remainder when 6 is divided by i(w).
1
Let x(f) = 0 - 2 + 193*f + 39*f**2 - 190*f. Calculate the remainder when x(1) is divided by 22.
18
Suppose -3*t - 19 - 4 = -5*b, t + 4*b = -2. Let a = t + 33. What is the remainder when 132 is divided by a?
24
Let c = -2172 - -2218. Calculate the remainder when 638 is divided by c.
40
Let g = 203 - 142. Calculate the remainder when 243 is divided by g.
60
Suppose j + j + 3*p = 7, 14 = j - 2*p. Let q = -7 - 1. What is the remainder when (q - 4)*5/(-2) is divided by j?
6
Suppose v + 8 = 5*v. Suppose 3*g + 2*j + 4 = -v*j, 26 = -5*g + 3*j. What is the remainder when 55 is divided by 37/2 - g/8?
17
Suppose 2*t = -d + 11, -4*d + 0*d + 17 = -t. Suppose -d*l = 2*o - o - 42, -4*l - 355 = -5*o. Calculate the remainder when o is divided by 18.
13
Let d be (1/(-3))/(13/(-156)). Suppose 0 = -3*h - d*f - f + 58, -5*h = -4*f - 35. What is the remainder when h is divided by 2?
1
Suppose 0*h = -3*h - 36. Calculate the remainder when 47 is divided by 9/6*(